to base 15.
-23e2b7
Convert -225811 (base 10) to base 3.
-102110202101
Convert 439039 (base 11) to base 13.
1b68b7
Convert -22030423 (base 5) to base 9.
-317832
What is 341357 (base 14) in base 4?
12300100301
-1546453 (base 8) to base 10
-445739
What is 194965 (base 12) in base 11?
283431
5223372 (base 8) to base 9
2542500
Convert 10063416 (base 7) to base 5.
203323222
-4122b (base 13) to base 14
-30800
What is -11111010121 (base 3) in base 15?
-1b271
What is 6097451 (base 11) in base 5?
10224132432
Convert 32136322 (base 7) to base 12.
ab913a
21022473 (base 9) to base 4
212210311131
Convert -41651333 (base 7) to base 15.
-499772
Convert 124041000 (base 5) to base 11.
388894
Convert 1101110011010101 (base 2) to base 11.
39524
What is 179461c (base 13) in base 11?
4384737
Convert 2222202023 (base 4) to base 15.
dbe72
What is -36ed63 (base 15) in base 16?
-2829cf
Convert -348113 (base 15) to base 10.
-2507868
What is -3a5a4 (base 15) in base 4?
-231220120
What is 12627d (base 14) in base 6?
21312103
Convert 268771 (base 10) to base 13.
95449
What is -114341300 (base 6) in base 16?
-213024
Convert -13221674 (base 8) to base 7.
-34100455
What is 2296477 (base 11) in base 2?
1111010001111010101011
-213469 (base 12) to base 4
-1333333101
Convert 1943a7 (base 15) to base 6.
42203204
Convert 24a221d (base 14) to base 6.
1425123255
What is -10327120 (base 8) in base 6?
-115151012
190794 (base 10) to base 12
924b6
Convert 1076353 (base 9) to base 12.
2409a9
Convert -141142543 (base 6) to base 8.
-12721137
Convert 139853 (base 11) to base 3.
102002000022
What is 11020220111200 (base 3) in base 14?
42c35d
-2041320120 (base 5) to base 16
-40c62b
3321443 (base 5) to base 10
57748
What is -41742 (base 14) in base 12?
-77412
-28053 (base 14) to base 2
-11000001000101001
2355dd (base 15) to base 12
695401
What is 12212011110 (base 3) in base 9?
185143
Convert d339d (base 14) to base 15.
a0962
-170104 (base 10) to base 3
-22122100011
-2344733 (base 12) to base 14
-c93795
Convert -6d12e (base 15) to base 14.
-90ad8
What is 10010111001001101111 (base 2) in base 12?
25a353
What is 10aa57 (base 12) in base 9?
447084
2033222302 (base 4) to base 10
588466
Convert -1133241433 (base 5) to base 14.
-4c7ca5
-55f432 (base 16) to base 4
-111133100302
Convert 125b4 (base 14) to base 8.
127762
Convert 16083c (base 15) to base 9.
2002783
Convert 1018946 (base 12) to base 3.
12200112021000
1000001000110111001 (base 2) to base 5
32013211
Convert 227118 (base 9) to base 12.
66b45
Convert -13c756 (base 14) to base 3.
-1021221000001
2120303300 (base 4) to base 6
21225412
What is cc31 (base 13) in base 10?
28432
Convert 68b093 (base 15) to base 2.
10011000100010101110001
-101100202110 (base 3) to base 8
-616247
-2a1477 (base 15) to base 6
-111255151
27462 (base 11) to base 9
58631
What is -1a1284 (base 11) in base 4?
-1023132012
326962 (base 13) to base 6
41225424
What is 1101211012022 (base 3) in base 14?
155432
Convert -505010 (base 7) to base 14.
-23377
Convert -7ccca (base 13) to base 11.
-146734
What is 1132433022 (base 5) in base 13?
70b559
What is -184292 (base 11) in base 16?
-454c6
-11122021123 (base 4) to base 15
-1d0164
5527c (base 16) to base 8
1251174
Convert -184253 (base 9) to base 4.
-123333213
Convert 2dc65 (base 14) to base 10.
114945
27330a (base 14) to base 5
321302030
What is -110100101110010 (base 2) in base 13?
-c396
-124085 (base 9) to base 16
-1259c
3b402 (base 14) to base 5
14134333
231212 (base 5) to base 13
3a20
Convert -242033 (base 10) to base 4.
-323011301
-133152 (base 7) to base 9
-37416
Convert -131603 (base 8) to base 10.
-45955
What is 1962 (base 10) in base 6?
13030
-153503 (base 7) to base 4
-13112021
Convert -2a631 (base 11) to base 10.
-43352
166821 (base 11) to base 16
3ef52
What is 140577 (base 8) in base 7?
264263
What is -323015541 (base 6) in base 13?
-1260301
Convert 340658 (base 10) to base 11.
212a3a
What is 4318050 (base 10) in base 14?
8058c2
What is -10100111010110111110010 (base 2) in base 9?
-11277583
13650 (base 10) to base 7
54540
Convert -4076516 (base 9) to base 5.
-1024121420
1101000001101011 (base 2) to base 14
15631
What is -1bbc57 (base 13) in base 9?
-1304272
Convert -234050113 (base 6) to base 9.
-8233850
Convert -bcda (base 15) to base 11.
-28091
1443422002 (base 5) to base 13
a621b0
What is -2620632 (base 11) in base 5?
-2130230341
Convert 343013344 (base 5) to base 11.
957305
Convert -12121000021 (base 3) to base 15.
-22941
190b0 (base 13) to base 2
1011110101011101
Convert 12add9 (base 16) to base 6.
42123213
-122222052 (base 7) to base 14
-10411d2
Convert 222031 (base 4) to base 2.
101010001101
10100100111010 (base 2) to base 9
15426
What is 45a92a7 (base 12) in base 3?
221020101000101
-1101201204 (base 5) to base 16
-24196c
What is -111125 (base 10) in base 9?
-178382
What is -935419 (base 13) in base 8?
-15074633
Convert 2364145 (base 11) to base 4.
33231300333
What is 269c31 (base 14) in base 4?
11011133303
What is 23001040 (base 5) in base 12?
99772
-322441505 (base 6) to base 16
-5769d1
-5051202 (base 7) to base 15
-bceb3
-8735248 (base 9) to base 3
-22211012021122
22020110112002 (base 3) to base 6
233504002
What is -21230105 (base 6) in base 7?
-5215046
What is -2167665 (base 8) in base 12?
-242b05
102303230 (base 4) to base 2
10010110011101100
-10331411 (base 5) to base 12
-43a32
What is 12056203 (base 8) in base 10?
2645123
Convert 13244046 (base 7) to base 2.
100101010000111111010
Convert -1568611 (base 11) to base 13.
-72907b
-1160371 (base 9) to base 14
-125919
4045521 (base 6) to base 14
50517
Convert 42214420 (base 5) to base 12.
14b317
What is 29c1b (base 15) in base 11?
91a38
Convert -321643 (base 13) to base 12.
-487677
What is -1001010010000000 (base 2) in base 13?
-143c4
What is 230113311 (base 4) in base 11?
114607
Convert 4266250 (base 7) to base 5.
113131212
-365724 (base 15) to base 4
-21322312213
-10111100100011000111001 (base 2) to base 3
-102121220010012
Convert 22021321302 (base 4) to base 3.
12000020120200
Convert -12101102001101 (base 3) to base 2.
-1010111010110000001011
22222022220022 (base 3) to base 14
8c2382
-436206 (base 7) to base 9
-126053
-12054 (base 16) to base 3
-10202020210
Convert -23526457 (base 9) to base 4.
-223301013202
560351 (base 7) to base 11
68109
Convert -120201101220 (base 3) to base 13.
-aaa93
What is 1020100100210 (base 3) in base 6?
22022420
12311320203 (base 4) to base 15
256666
-14022040 (base 5) to base 4
-202231001
What is -23114201 (base 5) in base 2?
-110010101001000010
121121200102021 (base 3) to base 14
125c630
What is -22450220 (base 7) in base 15?
-28b3be
What is 204020413 (base 5) in base 9?
1527238
-221404034 (base 5) to base 16
-ebe00
-644436 (base 13) to base 2
-1000111110000110010111
-52665 (base 13) to base 14
-3c088
Convert -1ca25 (base 14) to base 16.
-11e79
Convert 16e8d9 (base 15) to base 9.
2074806
What is -60b14c (base 14) in base 3?
-20010111022011
-100111001100000101100 (base 2) to base 15
-1a5745
-10021221111 (base 3) to base 12
-31634
Convert b5584 (base 14) to base 16.
6ac90
What is -2414423442 (base 5) in base 14?
-a655d4
3430024023 (base 5) to base 4
131031220131
5377505 (base 8) to base 5
332112410
4227959 (base 10) to base 4
100020031313
Convert 563758 (base 11) to base 9.
1617742
23404440 (base 5) to base 16
34cb5
11310113 (base 6) to base 9
584750
-1b316a5 (base 13) to base 14
-12a3c97
What is -527552 (base 8) in base 10?
-175978
Convert -10200300201 (base 4) to base 15.
-1856a3
What is -10022222220221 (base 3) in base 15?
-24ece4
What is -100110001110001100 (base 2) in base 3?
-21221202101
Convert -402425232 (base 6) to base 8.
-32074264
What is -14374 (base 8) in base 12?
-3850
Convert -205040132 (base 6) to base 2.
-1101101110010110111000
-109801 (base 12) to base 8
-1006501
Convert -133122 (base 4) to base 13.
-bb8
Convert -378b7 (base 13) to base 15.
-205c9
What is -32110202000 (base 4) in base 7?
-43623635
-11101000101011101101001 (base 2) to base 15
-a091d8
-10332266 (base 7) to base 6
-30523155
-37000576 (base 8) to base 5
-4040024341
Convert 1133220111 (base 4) to base 15.
7b0d6
3862b4 (base 12) to base 14
1a0612
Convert -2621a (base 15) to base 3.
-20012022121
77c26 (base 16) to base 3
220220212221
-134333301 (ba